{"id":10,"date":"2024-11-26T16:37:55","date_gmt":"2024-11-26T16:37:55","guid":{"rendered":"https:\/\/30-jahre-jenny.de\/?page_id=10"},"modified":"2025-01-02T14:24:53","modified_gmt":"2025-01-02T14:24:53","slug":"startseite-2","status":"publish","type":"page","link":"https:\/\/30-jahre-jenny.de\/","title":{"rendered":"Startseite"},"content":{"rendered":"<div class=\"gb-container gb-container-5adde36d\">\n\n<p class=\"smooth-scroll\">Hi Friends,<\/p>\n\n\n\n<p>wie viele von euch schon wissen, n\u00e4here ich mich langsam, aber sicher meinem drei\u00dfigj\u00e4hrigen Jubil\u00e4um \ud83d\ude04.<br>Und genau das m\u00f6chte ich mit euch feiern \u2013 bei einer (hoffentlich!) unvergesslichen Party \ud83d\udc83!<\/p>\n\n\n\n<figure class=\"gb-block-image gb-block-image-3a3a6013\"><img loading=\"lazy\" decoding=\"async\" width=\"1020\" height=\"1357\" class=\"gb-image gb-image-3a3a6013 jenny\" src=\"https:\/\/30-jahre-jenny.de\/wp-content\/uploads\/2024\/11\/IMG_7782.jpg\" alt=\"\" title=\"IMG_7782\" srcset=\"https:\/\/30-jahre-jenny.de\/wp-content\/uploads\/2024\/11\/IMG_7782.jpg 1020w, https:\/\/30-jahre-jenny.de\/wp-content\/uploads\/2024\/11\/IMG_7782-225x300.jpg 225w, https:\/\/30-jahre-jenny.de\/wp-content\/uploads\/2024\/11\/IMG_7782-770x1024.jpg 770w, https:\/\/30-jahre-jenny.de\/wp-content\/uploads\/2024\/11\/IMG_7782-768x1022.jpg 768w\" sizes=\"auto, (max-width: 1020px) 100vw, 1020px\" \/><\/figure>\n\n\n\n<p><strong>Vorab ein paar wichtige Eckdaten:<\/strong><br>\ud83d\udcc5 <strong>Wann:<\/strong> 5. Januar 2025<br>\ud83d\udccd <strong>Wo:<\/strong> Titty Twister aka SAMS<br>\u23f0 <strong>Beginn:<\/strong> 21:00 Uhr<\/p>\n\n\n\n<figure class=\"gb-block-image gb-block-image-2e5adde4\"><img loading=\"lazy\" decoding=\"async\" width=\"1655\" height=\"2340\" class=\"gb-image gb-image-2e5adde4\" src=\"https:\/\/30-jahre-jenny.de\/wp-content\/uploads\/2025\/01\/Blau-Weiss-Pink-Trendig-Neon-Modern-Party-Werbung-Flyer-A4.pdf-1.png\" alt=\"\" title=\"Blau Wei\u00df Pink Trendig Neon Modern Party Werbung Flyer A4.pdf-1\" srcset=\"https:\/\/30-jahre-jenny.de\/wp-content\/uploads\/2025\/01\/Blau-Weiss-Pink-Trendig-Neon-Modern-Party-Werbung-Flyer-A4.pdf-1.png 1655w, https:\/\/30-jahre-jenny.de\/wp-content\/uploads\/2025\/01\/Blau-Weiss-Pink-Trendig-Neon-Modern-Party-Werbung-Flyer-A4.pdf-1-212x300.png 212w, https:\/\/30-jahre-jenny.de\/wp-content\/uploads\/2025\/01\/Blau-Weiss-Pink-Trendig-Neon-Modern-Party-Werbung-Flyer-A4.pdf-1-724x1024.png 724w, https:\/\/30-jahre-jenny.de\/wp-content\/uploads\/2025\/01\/Blau-Weiss-Pink-Trendig-Neon-Modern-Party-Werbung-Flyer-A4.pdf-1-768x1086.png 768w, https:\/\/30-jahre-jenny.de\/wp-content\/uploads\/2025\/01\/Blau-Weiss-Pink-Trendig-Neon-Modern-Party-Werbung-Flyer-A4.pdf-1-1086x1536.png 1086w, https:\/\/30-jahre-jenny.de\/wp-content\/uploads\/2025\/01\/Blau-Weiss-Pink-Trendig-Neon-Modern-Party-Werbung-Flyer-A4.pdf-1-1448x2048.png 1448w\" sizes=\"auto, (max-width: 1655px) 100vw, 1655px\" \/><\/figure>\n\n\n\n<p><strong>Vorab wird Ludowski f\u00fcr die geladenen G\u00e4ste auflegen und die perfekte Stimmung einleiten!<\/strong> \ud83c\udf89<\/p>\n\n\n\n<p>Bitte haltet euch mit Geschenken zur\u00fcck, da wir in einem Club wenig M\u00f6glichkeiten haben, diese zu lagern. Stattdessen wird es eine Spendenkasse geben, die ihr gerne f\u00fcttern d\u00fcrft \ud83d\udcb0\ud83d\udc37.<\/p>\n\n\n<div class=\"gb-container gb-container-680ee68e\" id=\"abstimmung\">\n<div class='bootstrap-yop yop-poll-mc'>\n\t\t\t\t\t\t\t<div class=\"basic-yop-poll-container\" style=\"background-color:#ffffff; border:1px; border-style:solid; border-color:#000000; border-radius:0px; padding:10px 10px;\" data-id=\"1\" data-temp=\"basic\" data-skin=\"minimal\" data-cscheme=\"black\" data-cap=\"0\" data-access=\"guest\" data-tid=\"\" data-uid=\"c0ce0d4c9ee13a4186a86e2ff7231dba\" data-pid=\"10\" data-resdet=\"votes-number,percentages\" data-show-results-to=\"guest\" data-show-results-moment=\"after-vote\" data-show-results-only=\"false\" data-show-message=\"true\" data-show-results-as=\"bar\" data-sort-results-by=\"as-defined\" data-sort-results-rule=\"asc\"data-is-ended=\"0\" data-gdpr=\"no\" data-gdpr-sol=\"consent\" data-css=\"\" data-counter=\"0\" data-load-with=\"1\" data-notification-section=\"top\"><div class=\"row\"><div class=\"col-md-12\"><div class=\"basic-inner\"><div class=\"basic-message hide\" style=\"border-left: 10px solid #008000; padding: 0px 10px;\" data-error=\"#ff0000\" data-success=\"#008000\"><p class=\"basic-message-text\" style=\"color:#000000; font-size:14px; font-weight:normal;\"><\/p><\/div><div class=\"basic-overlay hide\"><div class=\"basic-vote-options\"><\/div><div class=\"basic-preloader\"><div class=\"basic-windows8\"><div class=\"basic-wBall basic-wBall_1\"><div class=\"basic-wInnerBall\"><\/div><\/div><div class=\"basic-wBall basic-wBall_2\"><div class=\"basic-wInnerBall\"><\/div><\/div><div class=\"basic-wBall basic-wBall_3\"><div class=\"basic-wInnerBall\"><\/div><\/div><div class=\"basic-wBall basic-wBall_4\"><div class=\"basic-wInnerBall\"><\/div><\/div><div class=\"basic-wBall basic-wBall_5\"><div class=\"basic-wInnerBall\"><\/div><\/div><\/div><\/div><\/div><form class=\"basic-form\"><input type=\"hidden\" name=\"_token\" value=\"496989b8c5\" autocomplete=\"off\"><div class=\"basic-elements\"><div class=\"basic-element basic-question basic-question-text-vertical\" data-id=\"1\" data-uid=\"7adb92d4284a6aa0f8986e542583b67f\" data-type=\"question\" data-question-type=\"text\" data-allow-multiple=\"no\" data-min=\"1\" data-max=\"1\" data-display=\"vertical\" data-colnum=\"\" data-display-others=\"no\" data-others-color=\"\" data-others=\"\"><div role=\"heading\" aria-level=\"5\" class=\"basic-question-title\" style=\"color:#000000; font-size:16px; font-weight:normal; text-align:left;\">Kommst du?<\/div><ul class=\"basic-answers\"><li class=\"basic-answer\" style=\"padding:0px 0px;\" data-id=\"1\" data-type=\"text\" data-vn=\"72\" data-color=\"#000000\" data-make-link=\"no\" data-link=\"\"><div class=\"basic-answer-content basic-text-vertical\"><label for=\"answer[1]\" class=\"basic-answer-label\"><input type=\"radio\" id=\"answer[1]\" name=\"answer[1]\" value=\"1\"  autocomplete=\"off\"><span class=\"basic-text\" style=\"color: #000000; font-size: 14px; font-weight: normal;\" tabindex=\"0\">JAAAA! \ud83e\udd73<\/span><\/label><\/div><\/li><li class=\"basic-answer\" style=\"padding:0px 0px;\" data-id=\"2\" data-type=\"text\" data-vn=\"10\" data-color=\"#000000\" data-make-link=\"no\" data-link=\"\"><div class=\"basic-answer-content basic-text-vertical\"><label for=\"answer[2]\" class=\"basic-answer-label\"><input type=\"radio\" id=\"answer[2]\" name=\"answer[1]\" value=\"2\"  autocomplete=\"off\"><span class=\"basic-text\" style=\"color: #000000; font-size: 14px; font-weight: normal;\" tabindex=\"0\">NEIN \u2639\ufe0f<\/span><\/label><\/div><\/li><\/ul><\/div><div class=\"clearfix\"><\/div><\/div><div class=\"basic-stats text-center\"><span class=\"basic-stats-answers\"><span class=\"basic-stats-answers-number\">82<\/span><span class=\"basic-stats-answers-text\">&nbsp;answers<\/span><\/span><\/div><div class=\"basic-vote\"><a href=\"#\" class=\"button basic-vote-button\" role=\"button\" style=\"background:#ee7600; border:0px; border-style: solid; border-color:#000000; border-radius:0px; padding:5px 10px; color:#ffffff; font-size:14px; font-weight:normal;\">Abstimmen<\/a><\/div><\/form><\/div><\/div><\/div><\/div>\n\t\t\t\t\t\t<\/div>\n\n<\/div>\n\n\n<p>Das wichtigste ist, dass ihr gute Laune mitbringt! \u2600\ufe0f<br><em>Feel free, enjoy &amp; party hard <\/em>\ud83e\udd73\ud83e\udef6\ud83c\udffc<\/p>\n\n<\/div>","protected":false},"excerpt":{"rendered":"<p>Hi Friends, wie viele von euch schon wissen, n\u00e4here ich mich langsam, aber sicher meinem drei\u00dfigj\u00e4hrigen Jubil\u00e4um \ud83d\ude04.Und genau das m\u00f6chte ich mit euch feiern \u2013 bei einer (hoffentlich!) unvergesslichen Party \ud83d\udc83! Vorab ein paar wichtige Eckdaten:\ud83d\udcc5 Wann: 5. Januar 2025\ud83d\udccd Wo: Titty Twister aka SAMS\u23f0 Beginn: 21:00 Uhr Vorab wird Ludowski f\u00fcr die geladenen &#8230; <a title=\"Startseite\" class=\"read-more\" href=\"https:\/\/30-jahre-jenny.de\/\" aria-label=\"Mehr Informationen \u00fcber Startseite\">Weiterlesen<\/a><\/p>\n","protected":false},"author":1,"featured_media":0,"parent":0,"menu_order":0,"comment_status":"closed","ping_status":"closed","template":"","meta":{"footnotes":""},"class_list":["post-10","page","type-page","status-publish"],"_links":{"self":[{"href":"https:\/\/30-jahre-jenny.de\/index.php?rest_route=\/wp\/v2\/pages\/10","targetHints":{"allow":["GET"]}}],"collection":[{"href":"https:\/\/30-jahre-jenny.de\/index.php?rest_route=\/wp\/v2\/pages"}],"about":[{"href":"https:\/\/30-jahre-jenny.de\/index.php?rest_route=\/wp\/v2\/types\/page"}],"author":[{"embeddable":true,"href":"https:\/\/30-jahre-jenny.de\/index.php?rest_route=\/wp\/v2\/users\/1"}],"replies":[{"embeddable":true,"href":"https:\/\/30-jahre-jenny.de\/index.php?rest_route=%2Fwp%2Fv2%2Fcomments&post=10"}],"version-history":[{"count":42,"href":"https:\/\/30-jahre-jenny.de\/index.php?rest_route=\/wp\/v2\/pages\/10\/revisions"}],"predecessor-version":[{"id":101,"href":"https:\/\/30-jahre-jenny.de\/index.php?rest_route=\/wp\/v2\/pages\/10\/revisions\/101"}],"wp:attachment":[{"href":"https:\/\/30-jahre-jenny.de\/index.php?rest_route=%2Fwp%2Fv2%2Fmedia&parent=10"}],"curies":[{"name":"wp","href":"https:\/\/api.w.org\/{rel}","templated":true}]}}